{"id":80,"date":"2017-09-15T12:06:32","date_gmt":"2017-09-15T10:06:32","guid":{"rendered":"http:\/\/localhost\/igi\/?page_id=80"},"modified":"2018-03-31T00:56:42","modified_gmt":"2018-03-30T22:56:42","slug":"programmation-informatique","status":"publish","type":"page","link":"https:\/\/www.igi.tn\/?page_id=80","title":{"rendered":"Programmation informatique"},"content":{"rendered":"<div class=\"wpb-content-wrapper\"><p>[vc_row][vc_column width=\u00a0\u00bb3\/4&Prime; el_class=\u00a0\u00bbvc_sidebar_position_right\u00a0\u00bb offset=\u00a0\u00bbvc_col-lg-9 vc_col-md-9 vc_col-sm-12&Prime;][vc_column_text]<\/p>\n<section class=\"container\">\n<div class=\"row\">\n<div class=\"col-md-8\">\n<p class=\"intro\">Le dipl\u00f4me BTP Technicien de programmation Informatique est une formation professionnelle visant \u00e0 former des techniciens hautement qualifi\u00e9s sp\u00e9cialis\u00e9 en Informatique de Gestion.<\/p>\n<h3><img loading=\"lazy\" decoding=\"async\" class=\"alignnone size-medium wp-image-2084\" src=\"https:\/\/www.igi.tn\/wp-content\/uploads\/2018\/03\/computer-programming-2-300x203.jpg\" alt=\"\" width=\"300\" height=\"203\" srcset=\"https:\/\/www.igi.tn\/wp-content\/uploads\/2018\/03\/computer-programming-2-300x203.jpg 300w, https:\/\/www.igi.tn\/wp-content\/uploads\/2018\/03\/computer-programming-2.jpg 320w\" sizes=\"(max-width: 300px) 100vw, 300px\" \/><\/h3>\n<h3>Conditions d&rsquo;acc\u00e8s :<\/h3>\n<p>Avoir le niveau de la 2\u00e8me ann\u00e9e secondaire accomplie ou un dipl\u00f4me de CAP ou un dipl\u00f4me \u00e9quivalent.<\/p>\n<h3>Pour qui ?<\/h3>\n<p>A l\u2019issu de cette formation, le dipl\u00f4m\u00e9 en BTP Technicien de programmation Informatique sera capable de :<\/p>\n<ul>\n<li>Effectuer des t\u00e2ches li\u00e9es au soutien technique et \u00e0 la maintenance micro-informatique, au d\u00e9veloppement d&rsquo;applications locales et \u00e0 l&rsquo;installation du mat\u00e9riel et des logiciels,<\/li>\n<li>Assister \u00e0 l&rsquo;administration des r\u00e9seaux informatiques,<\/li>\n<li>Ma\u00eetriser la gestion des syst\u00e8mes d&rsquo;information, le d\u00e9veloppement d&rsquo;applications et le d\u00e9veloppement web.<\/li>\n<\/ul>\n<\/div>\n<\/div>\n<\/section>\n<p>[\/vc_column_text][\/vc_column][vc_column width=\u00a0\u00bb1\/4&Prime; offset=\u00a0\u00bbvc_hidden-sm vc_hidden-xs\u00a0\u00bb][vc_widget_sidebar sidebar_id=\u00a0\u00bbdefault\u00a0\u00bb el_class=\u00a0\u00bbsidebar-area-right sidebar-area\u00a0\u00bb][vc_single_image image=\u00a0\u00bb2083&Prime;][vc_wp_custommenu nav_menu=\u00a0\u00bb4&Prime;][\/vc_column][\/vc_row]<\/p>\n<\/div>","protected":false},"excerpt":{"rendered":"<p>[vc_row][vc_column width=\u00a0\u00bb3\/4&Prime; el_class=\u00a0\u00bbvc_sidebar_position_right\u00a0\u00bb offset=\u00a0\u00bbvc_col-lg-9 vc_col-md-9 vc_col-sm-12&Prime;][vc_column_text] Le dipl\u00f4me BTP Technicien de programmation Informatique est une formation professionnelle visant \u00e0 former des techniciens hautement qualifi\u00e9s sp\u00e9cialis\u00e9 en Informatique de Gestion. Conditions d&rsquo;acc\u00e8s : Avoir le niveau de la 2\u00e8me ann\u00e9e secondaire accomplie ou un dipl\u00f4me de CAP ou un dipl\u00f4me \u00e9quivalent. Pour qui ? A l\u2019issu [&hellip;]<\/p>\n","protected":false},"author":1,"featured_media":0,"parent":16,"menu_order":0,"comment_status":"closed","ping_status":"closed","template":"","meta":{"footnotes":""},"_links":{"self":[{"href":"https:\/\/www.igi.tn\/index.php?rest_route=\/wp\/v2\/pages\/80"}],"collection":[{"href":"https:\/\/www.igi.tn\/index.php?rest_route=\/wp\/v2\/pages"}],"about":[{"href":"https:\/\/www.igi.tn\/index.php?rest_route=\/wp\/v2\/types\/page"}],"author":[{"embeddable":true,"href":"https:\/\/www.igi.tn\/index.php?rest_route=\/wp\/v2\/users\/1"}],"replies":[{"embeddable":true,"href":"https:\/\/www.igi.tn\/index.php?rest_route=%2Fwp%2Fv2%2Fcomments&post=80"}],"version-history":[{"count":3,"href":"https:\/\/www.igi.tn\/index.php?rest_route=\/wp\/v2\/pages\/80\/revisions"}],"predecessor-version":[{"id":2086,"href":"https:\/\/www.igi.tn\/index.php?rest_route=\/wp\/v2\/pages\/80\/revisions\/2086"}],"up":[{"embeddable":true,"href":"https:\/\/www.igi.tn\/index.php?rest_route=\/wp\/v2\/pages\/16"}],"wp:attachment":[{"href":"https:\/\/www.igi.tn\/index.php?rest_route=%2Fwp%2Fv2%2Fmedia&parent=80"}],"curies":[{"name":"wp","href":"https:\/\/api.w.org\/{rel}","templated":true}]}}