{"id":76,"date":"2017-09-15T12:04:41","date_gmt":"2017-09-15T10:04:41","guid":{"rendered":"http:\/\/localhost\/igi\/?page_id=76"},"modified":"2018-03-31T00:02:26","modified_gmt":"2018-03-30T22:02:26","slug":"securite-informatique","status":"publish","type":"page","link":"https:\/\/www.igi.tn\/?page_id=76","title":{"rendered":"S\u00e9curit\u00e9 informatique"},"content":{"rendered":"<div class=\"wpb-content-wrapper\"><p>[vc_row][vc_column width=\u00a0\u00bb3\/4&Prime; el_class=\u00a0\u00bbvc_sidebar_position_right\u00a0\u00bb offset=\u00a0\u00bbvc_col-lg-9 vc_col-md-9 vc_col-sm-12&Prime;][vc_column_text]<\/p>\n<h3 class=\"programContentTitle\">BTS R\u00e9seaux et s\u00e9curit\u00e9 informatique<\/h3>\n<div class=\"programContent\">\n<div class=\"hidden-xs\">\n<p>Le programme BTS R\u00e9seaux et s\u00e9curit\u00e9 informatique, forme des techniciens capables de concevoir, d\u2019analyser et de d\u00e9panner des r\u00e9seaux informatiques en utilisant plusieurs technologies (multiplateforme).<\/p>\n<p><img loading=\"lazy\" decoding=\"async\" class=\"alignnone size-medium wp-image-2060\" src=\"https:\/\/www.igi.tn\/wp-content\/uploads\/2018\/03\/c700x420-300x180.jpg\" alt=\"\" width=\"300\" height=\"180\" srcset=\"https:\/\/www.igi.tn\/wp-content\/uploads\/2018\/03\/c700x420-300x180.jpg 300w, https:\/\/www.igi.tn\/wp-content\/uploads\/2018\/03\/c700x420-600x360.jpg 600w, https:\/\/www.igi.tn\/wp-content\/uploads\/2018\/03\/c700x420.jpg 700w\" sizes=\"(max-width: 300px) 100vw, 300px\" \/><\/p>\n<p>Le technicien sera en mesure d\u2019intervenir \u00e0 diff\u00e9rents stades d\u2019implantation et d\u2019administration d\u2019un r\u00e9seau local et \u00e9tendu, et de remplir des fonctions associ\u00e9es de pr\u00e8s aux syst\u00e8mes d\u2019exploitation, aux interconnexions de r\u00e9seaux et au mat\u00e9riel informatique. De plus, le dipl\u00f4m\u00e9 en R\u00e9seaux et s\u00e9curit\u00e9 informatique peut intervenir dans toutes les \u00e9tapes de la cr\u00e9ation d\u2019un r\u00e9seau.<\/p>\n<p>Couramment actualis\u00e9s, les cours de la formation R\u00e9seaux et s\u00e9curit\u00e9 informatique m\u00e8nent \u00e0 un certain nombre de certifications reconnues par le march\u00e9 du travail, telles que Cisco CCNA.<\/p>\n<\/div>\n<\/div>\n<p>[\/vc_column_text][\/vc_column][vc_column width=\u00a0\u00bb1\/4&Prime; offset=\u00a0\u00bbvc_hidden-sm vc_hidden-xs\u00a0\u00bb][vc_widget_sidebar sidebar_id=\u00a0\u00bbdefault\u00a0\u00bb el_class=\u00a0\u00bbsidebar-area-right sidebar-area\u00a0\u00bb][vc_single_image image=\u00a0\u00bb2052&Prime;][vc_wp_custommenu nav_menu=\u00a0\u00bb3&Prime;][\/vc_column][\/vc_row]<\/p>\n<\/div>","protected":false},"excerpt":{"rendered":"<p>[vc_row][vc_column width=\u00a0\u00bb3\/4&Prime; el_class=\u00a0\u00bbvc_sidebar_position_right\u00a0\u00bb offset=\u00a0\u00bbvc_col-lg-9 vc_col-md-9 vc_col-sm-12&Prime;][vc_column_text] BTS R\u00e9seaux et s\u00e9curit\u00e9 informatique Le programme BTS R\u00e9seaux et s\u00e9curit\u00e9 informatique, forme des techniciens capables de concevoir, d\u2019analyser et de d\u00e9panner des r\u00e9seaux informatiques en utilisant plusieurs technologies (multiplateforme). Le technicien sera en mesure d\u2019intervenir \u00e0 diff\u00e9rents stades d\u2019implantation et d\u2019administration d\u2019un r\u00e9seau local et \u00e9tendu, et de [&hellip;]<\/p>\n","protected":false},"author":1,"featured_media":0,"parent":18,"menu_order":0,"comment_status":"closed","ping_status":"closed","template":"","meta":{"footnotes":""},"_links":{"self":[{"href":"https:\/\/www.igi.tn\/index.php?rest_route=\/wp\/v2\/pages\/76"}],"collection":[{"href":"https:\/\/www.igi.tn\/index.php?rest_route=\/wp\/v2\/pages"}],"about":[{"href":"https:\/\/www.igi.tn\/index.php?rest_route=\/wp\/v2\/types\/page"}],"author":[{"embeddable":true,"href":"https:\/\/www.igi.tn\/index.php?rest_route=\/wp\/v2\/users\/1"}],"replies":[{"embeddable":true,"href":"https:\/\/www.igi.tn\/index.php?rest_route=%2Fwp%2Fv2%2Fcomments&post=76"}],"version-history":[{"count":7,"href":"https:\/\/www.igi.tn\/index.php?rest_route=\/wp\/v2\/pages\/76\/revisions"}],"predecessor-version":[{"id":2061,"href":"https:\/\/www.igi.tn\/index.php?rest_route=\/wp\/v2\/pages\/76\/revisions\/2061"}],"up":[{"embeddable":true,"href":"https:\/\/www.igi.tn\/index.php?rest_route=\/wp\/v2\/pages\/18"}],"wp:attachment":[{"href":"https:\/\/www.igi.tn\/index.php?rest_route=%2Fwp%2Fv2%2Fmedia&parent=76"}],"curies":[{"name":"wp","href":"https:\/\/api.w.org\/{rel}","templated":true}]}}