{"id":16,"date":"2017-04-24T13:28:57","date_gmt":"2017-04-24T11:28:57","guid":{"rendered":"http:\/\/localhost\/igi\/?page_id=16"},"modified":"2019-03-17T16:03:55","modified_gmt":"2019-03-17T15:03:55","slug":"btp","status":"publish","type":"page","link":"https:\/\/www.igi.tn\/?page_id=16","title":{"rendered":"BTP"},"content":{"rendered":"<div class=\"wpb-content-wrapper\"><p>[vc_row][vc_column width=\u00a0\u00bb7\/12&Prime; el_class=\u00a0\u00bbvc_sidebar_position_right\u00a0\u00bb offset=\u00a0\u00bbvc_col-lg-7 vc_col-md-7&Prime;][vc_column_text]<\/p>\n<h3 class=\"entry-title\">Qu\u2019est ce qu\u2019un BTP ? (Brevet de Technicien Professionnelle) :<\/h3>\n<p>Ce programme est destin\u00e9 aux jeunes de niveau scolaire de la 2\u00e9me ann\u00e9e secondaire accomplie avec succ\u00e8s au minimum,\u00a0dure deux ann\u00e9es \u00e0 raison de quatre promotions par an (Janvier, Mars, Juin et Septembre) et couronn\u00e9 par l\u2019octroi du brevet de technicien\u00a0professionnel (BTP) d\u00e9livr\u00e9 par le Minist\u00e8re de la Formation Professionnelle et de l\u2019Emploi.<\/p>\n<p>Il existe deux cat\u00e9gories de programmes pouvant mener \u00e0 un BTP :<\/p>\n<ol>\n<li>Avoir un CAP (Certificat d&rsquo;Aptitude Professionnelle) homologu\u00e9 dans le secteur de formation offert<\/li>\n<li>Avoir le niveau de deuxi\u00e8me ann\u00e9e secondaire r\u00e9ussi (5e ann\u00e9e secondaire ancien r\u00e9gime)<\/li>\n<\/ol>\n<h3>Conditions d\u2019admission<\/h3>\n<p>Afin d\u2019obtenir son BTP, l\u2019\u00e9tudiant doit compl\u00e9ter tous les mati\u00e8res du programme choisi avec un seuil de r\u00e9ussite de <strong>60 %<\/strong><\/p>\n<h3>Session<\/h3>\n<p>Le centre de formation IGI est un \u00e9tablissement de formation professionnelle ouvert toute l&rsquo;ann\u00e9e.<\/p>\n<p>Les programmes durent 2 ann\u00e9es \u00e0 raison de\u00a04 sessions obligatoires :<\/p>\n<ul>\n<li>2\u00a0sessions pour la 1<sup>\u00e8re <\/sup>ann\u00e9e<\/li>\n<li>2 sessions pour la 2<sup>\u00e8me<\/sup>\u00a0ann\u00e9e<\/li>\n<\/ul>\n<p>[\/vc_column_text][\/vc_column][vc_column width=\u00a0\u00bb5\/12&Prime; offset=\u00a0\u00bbvc_hidden-sm vc_hidden-xs\u00a0\u00bb][vc_row_inner css=\u00a0\u00bb.vc_custom_1520203961583{padding-left: 100px !important;}\u00a0\u00bb][vc_column_inner][vc_single_image image=\u00a0\u00bb1671&Prime; img_size=\u00a0\u00bbmedium\u00a0\u00bb][vc_widget_sidebar sidebar_id=\u00a0\u00bbdefault\u00a0\u00bb][vc_column_text]<\/p>\n<h2 class=\"widgettitle\">Les sp\u00e9cialit\u00e9es<\/h2>\n<p>[\/vc_column_text][vc_wp_custommenu nav_menu=\u00a0\u00bb4&Prime;][\/vc_column_inner][\/vc_row_inner][\/vc_column][\/vc_row]<\/p>\n<\/div>","protected":false},"excerpt":{"rendered":"<p>[vc_row][vc_column width=\u00a0\u00bb7\/12&Prime; el_class=\u00a0\u00bbvc_sidebar_position_right\u00a0\u00bb offset=\u00a0\u00bbvc_col-lg-7 vc_col-md-7&Prime;][vc_column_text] Qu\u2019est ce qu\u2019un BTP ? (Brevet de Technicien Professionnelle) : Ce programme est destin\u00e9 aux jeunes de niveau scolaire de la 2\u00e9me ann\u00e9e secondaire accomplie avec succ\u00e8s au minimum,\u00a0dure deux ann\u00e9es \u00e0 raison de quatre promotions par an (Janvier, Mars, Juin et Septembre) et couronn\u00e9 par l\u2019octroi du brevet de [&hellip;]<\/p>\n","protected":false},"author":1,"featured_media":1671,"parent":1659,"menu_order":0,"comment_status":"closed","ping_status":"closed","template":"","meta":{"footnotes":""},"_links":{"self":[{"href":"https:\/\/www.igi.tn\/index.php?rest_route=\/wp\/v2\/pages\/16"}],"collection":[{"href":"https:\/\/www.igi.tn\/index.php?rest_route=\/wp\/v2\/pages"}],"about":[{"href":"https:\/\/www.igi.tn\/index.php?rest_route=\/wp\/v2\/types\/page"}],"author":[{"embeddable":true,"href":"https:\/\/www.igi.tn\/index.php?rest_route=\/wp\/v2\/users\/1"}],"replies":[{"embeddable":true,"href":"https:\/\/www.igi.tn\/index.php?rest_route=%2Fwp%2Fv2%2Fcomments&post=16"}],"version-history":[{"count":85,"href":"https:\/\/www.igi.tn\/index.php?rest_route=\/wp\/v2\/pages\/16\/revisions"}],"predecessor-version":[{"id":2202,"href":"https:\/\/www.igi.tn\/index.php?rest_route=\/wp\/v2\/pages\/16\/revisions\/2202"}],"up":[{"embeddable":true,"href":"https:\/\/www.igi.tn\/index.php?rest_route=\/wp\/v2\/pages\/1659"}],"wp:featuredmedia":[{"embeddable":true,"href":"https:\/\/www.igi.tn\/index.php?rest_route=\/wp\/v2\/media\/1671"}],"wp:attachment":[{"href":"https:\/\/www.igi.tn\/index.php?rest_route=%2Fwp%2Fv2%2Fmedia&parent=16"}],"curies":[{"name":"wp","href":"https:\/\/api.w.org\/{rel}","templated":true}]}}