{"id":129,"date":"2017-09-15T12:40:08","date_gmt":"2017-09-15T10:40:08","guid":{"rendered":"http:\/\/localhost\/igi\/?page_id=129"},"modified":"2018-03-31T00:18:33","modified_gmt":"2018-03-30T22:18:33","slug":"comptabilite-et-finance","status":"publish","type":"page","link":"https:\/\/www.igi.tn\/?page_id=129","title":{"rendered":"Comptabilit\u00e9 et Finance"},"content":{"rendered":"<div class=\"wpb-content-wrapper\"><p>[vc_row][vc_column width=\u00a0\u00bb3\/4&Prime; el_class=\u00a0\u00bbvc_sidebar_position_right\u00a0\u00bb offset=\u00a0\u00bbvc_col-lg-9 vc_col-md-9 vc_col-sm-12&Prime;][vc_column_text]<\/p>\n<div class=\"col-md-12 border-left\">\n<div class=\"col-md-11 col-md-offset-1\">\n<p>La formation en BTS comptabilit\u00e9 finance permet \u00e0 l\u2019apprenant de savoir g\u00e9rer la comptabilit\u00e9 au sein de l\u2019Entreprise (g\u00e9rer des fichiers, g\u00e9rer la documentation, tra\u00eete facturation, suivi des comptes, \u00e9laborer les d\u00e9clarations fiscales, paye, stock\u2026).<\/p>\n<h3><strong>Emploi et sp\u00e9cialis\u00e9 vis\u00e9s\u00a0:<\/strong><\/h3>\n<p>Le Technicien Sup\u00e9rieur en comptabilit\u00e9 et finance exerce une fonction de tenir la\u00a0comptabilit\u00e9 au sein de l\u2019entreprise. Apr\u00e8s une formation continue de 2 ans dans une fili\u00e8re\u00a0comptabilit\u00e9 et finance le b\u00e9n\u00e9ficiaire doit r\u00e9aliser les fonctions suivantes :<\/p>\n<p><strong>Administratives\u00a0:<\/strong><\/p>\n<ul>\n<li>G\u00e9rer les diff\u00e9rents fichiers (informatiques et autres)<\/li>\n<li>Assurer le classement de diff\u00e9rents documents<\/li>\n<\/ul>\n<h3>Comptables\u00a0:<\/h3>\n<ul>\n<li>Travaux de pr\u00e9paration qui ne sont pris en charge par un cabinet de gestion<\/li>\n<li>Faire suivi des comptes clients et fournisseurs<\/li>\n<li>Facturation (livraison, bon de commande)<\/li>\n<li>Paie (Etablir des bulletins de paie, d\u00e9claration fiscales et autres)<\/li>\n<li>Gestion des stocksGestion de la tr\u00e9sorerie<\/li>\n<\/ul>\n<h3><strong>Les comp\u00e9tences de base pour exercer le m\u00e9tier\u00a0:<\/strong><\/h3>\n<ul>\n<li>Maitriser la comptabilit\u00e9 g\u00e9n\u00e9rale pour \u00e9laborer des \u00e9tats financiers<\/li>\n<li>Avoir connaissance des proc\u00e9dures l\u00e9gislatives et r\u00e9glementaires<\/li>\n<li>Connaitre les diff\u00e9rents cr\u00e9dits de financement<\/li>\n<li>R\u00e9diger rapport, compte rendu.<\/li>\n<\/ul>\n<p><strong>Les comp\u00e9tences associ\u00e9es\u00a0:<\/strong><\/p>\n<ul>\n<li>Maitrise de l\u2019outil informatique<\/li>\n<li>Maitrise les m\u00e9thodes de classement<\/li>\n<li>Remplir les d\u00e9clarations de TVA, l\u2019employeur, revenue et CNSS.<\/li>\n<\/ul>\n<h3><strong>\u00a0Les comp\u00e9tences li\u00e9es \u00e0 l\u2019emploi\u00a0:<\/strong><\/h3>\n<ul>\n<li>Etre organis\u00e9 et m\u00e9thodique<\/li>\n<li>Avoir l\u2019esprit d\u2019\u00e9quipe<\/li>\n<li>Avoir la communication facile<\/li>\n<li>Avoir l\u2019esprit d\u2019analyse et de synth\u00e8se<\/li>\n<\/ul>\n<\/div>\n<\/div>\n<p>[\/vc_column_text][\/vc_column][vc_column width=\u00a0\u00bb1\/4&Prime; offset=\u00a0\u00bbvc_hidden-sm vc_hidden-xs\u00a0\u00bb][vc_single_image image=\u00a0\u00bb2067&Prime;][vc_wp_custommenu nav_menu=\u00a0\u00bb3&Prime;][\/vc_column][\/vc_row]<\/p>\n<\/div>","protected":false},"excerpt":{"rendered":"<p>[vc_row][vc_column width=\u00a0\u00bb3\/4&Prime; el_class=\u00a0\u00bbvc_sidebar_position_right\u00a0\u00bb offset=\u00a0\u00bbvc_col-lg-9 vc_col-md-9 vc_col-sm-12&Prime;][vc_column_text] La formation en BTS comptabilit\u00e9 finance permet \u00e0 l\u2019apprenant de savoir g\u00e9rer la comptabilit\u00e9 au sein de l\u2019Entreprise (g\u00e9rer des fichiers, g\u00e9rer la documentation, tra\u00eete facturation, suivi des comptes, \u00e9laborer les d\u00e9clarations fiscales, paye, stock\u2026). Emploi et sp\u00e9cialis\u00e9 vis\u00e9s\u00a0: Le Technicien Sup\u00e9rieur en comptabilit\u00e9 et finance exerce une fonction [&hellip;]<\/p>\n","protected":false},"author":1,"featured_media":0,"parent":18,"menu_order":0,"comment_status":"closed","ping_status":"closed","template":"","meta":{"footnotes":""},"_links":{"self":[{"href":"https:\/\/www.igi.tn\/index.php?rest_route=\/wp\/v2\/pages\/129"}],"collection":[{"href":"https:\/\/www.igi.tn\/index.php?rest_route=\/wp\/v2\/pages"}],"about":[{"href":"https:\/\/www.igi.tn\/index.php?rest_route=\/wp\/v2\/types\/page"}],"author":[{"embeddable":true,"href":"https:\/\/www.igi.tn\/index.php?rest_route=\/wp\/v2\/users\/1"}],"replies":[{"embeddable":true,"href":"https:\/\/www.igi.tn\/index.php?rest_route=%2Fwp%2Fv2%2Fcomments&post=129"}],"version-history":[{"count":4,"href":"https:\/\/www.igi.tn\/index.php?rest_route=\/wp\/v2\/pages\/129\/revisions"}],"predecessor-version":[{"id":2068,"href":"https:\/\/www.igi.tn\/index.php?rest_route=\/wp\/v2\/pages\/129\/revisions\/2068"}],"up":[{"embeddable":true,"href":"https:\/\/www.igi.tn\/index.php?rest_route=\/wp\/v2\/pages\/18"}],"wp:attachment":[{"href":"https:\/\/www.igi.tn\/index.php?rest_route=%2Fwp%2Fv2%2Fmedia&parent=129"}],"curies":[{"name":"wp","href":"https:\/\/api.w.org\/{rel}","templated":true}]}}