{"id":127,"date":"2017-09-15T12:39:40","date_gmt":"2017-09-15T10:39:40","guid":{"rendered":"http:\/\/localhost\/igi\/?page_id=127"},"modified":"2018-03-31T00:21:52","modified_gmt":"2018-03-30T22:21:52","slug":"comptabilite-dentreprise","status":"publish","type":"page","link":"https:\/\/www.igi.tn\/?page_id=127","title":{"rendered":"Comptabilit\u00e9 d&rsquo;Entreprise"},"content":{"rendered":"<div class=\"wpb-content-wrapper\"><p>[vc_row][vc_column width=\u00a0\u00bb3\/4&Prime; el_class=\u00a0\u00bbvc_sidebar_position_right\u00a0\u00bb offset=\u00a0\u00bbvc_col-lg-9 vc_col-md-9 vc_col-sm-12&Prime;][vc_column_text]Le titulaire du BTS CGE (BTS Comptabilit\u00e9 et gestion des Entreprises) est un technicien de qualifi\u00e9 en comptabilit\u00e9 capable d\u2019organiser \u00a0la gestion des obligations comptables, fiscales et sociales, de participer \u00a0\u00e0 l&rsquo;\u00e9laboration des informations de gestion et contribuer aux pr\u00e9visions et \u00e0 la pr\u00e9paration des d\u00e9cisions. Il peut travailler dans un cabinet comptable, au sein du service comptabilit\u00e9 d&rsquo;une entreprise, dans une banque, une soci\u00e9t\u00e9 d&rsquo;assurances ou une administration.<\/p>\n<p><img loading=\"lazy\" decoding=\"async\" class=\"size-medium wp-image-2069 alignleft\" src=\"https:\/\/www.igi.tn\/wp-content\/uploads\/2018\/03\/conferencia-300x147.jpg\" alt=\"\" width=\"300\" height=\"147\" srcset=\"https:\/\/www.igi.tn\/wp-content\/uploads\/2018\/03\/conferencia-300x147.jpg 300w, https:\/\/www.igi.tn\/wp-content\/uploads\/2018\/03\/conferencia-768x377.jpg 768w, https:\/\/www.igi.tn\/wp-content\/uploads\/2018\/03\/conferencia-600x295.jpg 600w, https:\/\/www.igi.tn\/wp-content\/uploads\/2018\/03\/conferencia.jpg 940w\" sizes=\"(max-width: 300px) 100vw, 300px\" \/>Son activit\u00e9 consiste \u00e0 traduire de mani\u00e8re comptable toutes les op\u00e9rations commerciales ou financi\u00e8res et \u00e0 \u00e9tablir les documents correspondants. Il analyse \u00e9galement les informations dont il dispose pour pr\u00e9parer les d\u00e9cisions de gestion. Il conna\u00eet le mat\u00e9riel et les logiciels sp\u00e9cialis\u00e9s ; il est capable de participer aux projets informatiques de son service.<\/p>\n<p>&nbsp;<\/p>\n<div class=\"field field-name-field-objectifs field-type-text-long field-label-above\">\n<h3 class=\"field-label\">Objectifs:<\/h3>\n<div class=\"field-items\">\n<div class=\"field-item even\">\n<ul>\n<li>Organiser et r\u00e9aliser la gestion des obligations comptables, fiscales et sociales;<\/li>\n<li>Elaborer et communiquer des informations de gestion;<\/li>\n<li>Contribuer aux pr\u00e9visions et \u00e0 la pr\u00e9paration des d\u00e9cisions;<\/li>\n<li>Ma\u00eetriser les relations avec les partenaires ext\u00e9rieurs, banquiers, clients et fournisseurs;<\/li>\n<li>Ma\u00eetriser les principes comptables;<\/li>\n<li>G\u00e9rer les syst\u00e8mes d&rsquo;information li\u00e9s \u00e0 la comptabilit\u00e9;<\/li>\n<li>Superviser les inventaires;<\/li>\n<li>Utiliser un logiciel de paie;<\/li>\n<li>Imputer les ventes et les OD (Op\u00e9rations Diverses);<\/li>\n<li>Tenir les cahiers (brouillards, ch\u00e8ques, virements);<\/li>\n<li>Elaborer les \u00e9tats financiers, etc.<\/li>\n<\/ul>\n<\/div>\n<\/div>\n<\/div>\n<p>[\/vc_column_text][\/vc_column][vc_column width=\u00a0\u00bb1\/4&Prime; offset=\u00a0\u00bbvc_hidden-sm vc_hidden-xs\u00a0\u00bb][vc_single_image image=\u00a0\u00bb2069&Prime;][vc_wp_custommenu nav_menu=\u00a0\u00bb3&Prime;][\/vc_column][\/vc_row]<\/p>\n<\/div>","protected":false},"excerpt":{"rendered":"<p>[vc_row][vc_column width=\u00a0\u00bb3\/4&Prime; el_class=\u00a0\u00bbvc_sidebar_position_right\u00a0\u00bb offset=\u00a0\u00bbvc_col-lg-9 vc_col-md-9 vc_col-sm-12&Prime;][vc_column_text]Le titulaire du BTS CGE (BTS Comptabilit\u00e9 et gestion des Entreprises) est un technicien de qualifi\u00e9 en comptabilit\u00e9 capable d\u2019organiser \u00a0la gestion des obligations comptables, fiscales et sociales, de participer \u00a0\u00e0 l&rsquo;\u00e9laboration des informations de gestion et contribuer aux pr\u00e9visions et \u00e0 la pr\u00e9paration des d\u00e9cisions. Il peut travailler dans [&hellip;]<\/p>\n","protected":false},"author":1,"featured_media":0,"parent":18,"menu_order":0,"comment_status":"closed","ping_status":"closed","template":"","meta":{"footnotes":""},"_links":{"self":[{"href":"https:\/\/www.igi.tn\/index.php?rest_route=\/wp\/v2\/pages\/127"}],"collection":[{"href":"https:\/\/www.igi.tn\/index.php?rest_route=\/wp\/v2\/pages"}],"about":[{"href":"https:\/\/www.igi.tn\/index.php?rest_route=\/wp\/v2\/types\/page"}],"author":[{"embeddable":true,"href":"https:\/\/www.igi.tn\/index.php?rest_route=\/wp\/v2\/users\/1"}],"replies":[{"embeddable":true,"href":"https:\/\/www.igi.tn\/index.php?rest_route=%2Fwp%2Fv2%2Fcomments&post=127"}],"version-history":[{"count":11,"href":"https:\/\/www.igi.tn\/index.php?rest_route=\/wp\/v2\/pages\/127\/revisions"}],"predecessor-version":[{"id":2072,"href":"https:\/\/www.igi.tn\/index.php?rest_route=\/wp\/v2\/pages\/127\/revisions\/2072"}],"up":[{"embeddable":true,"href":"https:\/\/www.igi.tn\/index.php?rest_route=\/wp\/v2\/pages\/18"}],"wp:attachment":[{"href":"https:\/\/www.igi.tn\/index.php?rest_route=%2Fwp%2Fv2%2Fmedia&parent=127"}],"curies":[{"name":"wp","href":"https:\/\/api.w.org\/{rel}","templated":true}]}}